git of x(5)?
8
Let w(j) = 1. Let m(d) = d**2 - d + 4. Let c(a) = m(a) - 6*w(a). Let p be c(-3). Suppose -z = z - p. What is the units digit of z?
5
Let g(p) = p**3 + 0*p**3 + 2*p**2 - 1 + 2*p**2 + p. Let k be g(-2). What is the units digit of (k - -2) + (-6)/3?
5
Suppose -3*v + 263 + 178 = 0. What is the hundreds digit of v?
1
Suppose 0 = -2*m - 3*m + 2*z + 35, -2*z = m - 7. Let c = m - 4. What is the units digit of ((-21)/(-7))/(c/10)?
0
Let w(o) = -4*o**3 - 2*o**2 - o + 1. What is the units digit of w(-2)?
7
Let w(v) = -5*v - 6. Let j be w(-7). Let p be j/9 + 10/(-45). What is the units digit of (7/p - 1)*6?
8
Let t(r) = -6*r - 24. What is the units digit of t(-17)?
8
Suppose 0 = 5*d + f - 0*f - 98, -2*f - 4 = 0. What is the tens digit of (210/d)/(2/4)?
2
Suppose 0 = 2*p - 4*p + 12. Suppose -p*k - 22 = -7*k. What is the tens digit of k?
2
Let b(x) = -x**3 - 2*x**2 + 2. Let w = -7 + 5. Let r be b(w). Suppose 3*f + 9 = 0, -r*q + 17 = -2*f + 1. What is the units digit of q?
5
Let n(v) = -v**2 + 7*v + 8. Let r be n(8). What is the units digit of (-3)/(-6)*r + 4?
4
Let w be 145/10 + 1/2. Let p be w/2 - (-3)/6. What is the units digit of (p/6)/((-2)/(-3))?
2
Let r = 126 - 73. What is the units digit of r?
3
Let o = -2 - -4. Let j be o/6*(-27)/(-1). What is the tens digit of (0 + 6)/(j/30)?
2
Let p = -47 + 147. What is the units digit of p?
0
Let i(w) = w**3 - 14*w**2 - 13*w - 9. Suppose 0 = -4*s + g + 58, -28 = -2*s - 3*g + 8. What is the units digit of i(s)?
1
Suppose -5*n + 77 = r, -5*n + 368 = 2*r + 2*r. What is the tens digit of r?
9
Suppose 2 = -z - 8. What is the tens digit of z/35 - (-352)/7?
5
Suppose 4*g + 14 = 3*q, -3*g - 2 = 4*q + 2*g. Suppose 0*z + q*z = 0. Let i = 2 + z. What is the units digit of i?
2
Let h = 3 + 9. Suppose 3*f + 19 + 8 = 0. What is the units digit of (-1)/(-4) - f/h?
1
Let m(j) = -4*j - 1. Let a be m(5). Let b = a - -34. What is the units digit of b?
3
Let g(q) = q + 6. Let t be g(-3). Suppose -t = -3*h - b, 4*h + b = -4*b + 4. Suppose -i + 2 = -h. What is the units digit of i?
3
Suppose 10 = o + o - 2*q, 2*o + 5*q + 25 = 0. Suppose -4*r = -3*r + 3*d + 1, o = -2*r - 2*d + 14. What is the units digit of r?
1
Let z(t) = 11*t**2 - 17*t + 1. Let k(v) = -v + 2*v**2 + 3*v**2 - 8*v + v. Let x(o) = 9*k(o) - 4*z(o). What is the units digit of x(6)?
8
Let b(d) = 9*d - 15. Let f be b(9). Let v = f - 41. What is the tens digit of v?
2
Let m be 8/(-4)*(-1)/2. What is the units digit of (3/6 - m)*-12?
6
Let x be 6 - 8 - 0/(-1). Let l(s) = 3*s**2 + 3*s. What is the units digit of l(x)?
6
Let o(l) = l**3 + 5*l**2 + 2*l + 6. Let p = 3 - 7. What is the units digit of o(p)?
4
Let h(f) = f**3 + 8*f**2 + 7*f - 2. Let y be h(-7). What is the units digit of y + (0 - -3) + 18?
9
Let m(d) = -d**2 + d + 3. Let c be m(0). Suppose 0 = -2*a - 4*w - 8, -8 = -c*w - 20. Suppose a*r - i - 13 = 3, -5*r + 41 = 4*i. What is the units digit of r?
5
What is the units digit of (-2)/3*(-36)/8?
3
Let k = 35 + 19. Let z be ((-4)/(-6))/(12/k). Suppose 8 = 2*g, 2*s = -2*g - z*g + 22. What is the units digit of s?
1
Suppose -2*v + 8 = 5*a, 2*v + 0*a - 8 = 2*a. Suppose 5*g + 4*p = 100, 0*g + 2*g = v*p + 68. What is the units digit of g?
4
Suppose -2*l - 3*l + 83 = 4*t, 4*l + 39 = 3*t. What is the units digit of t?
7
Suppose 0 = 2*n - 6 - 2. Suppose 4*w = 4*p - 20, 4*p - 6*p + n*w + 14 = 0. Suppose 0 = -2*x + p*x - 3. What is the units digit of x?
3
Let y = -2 - -5. Suppose y*b + 0*b + 2*f - 26 = 0, f = -5. What is the tens digit of b?
1
Let m = -2 - -32. What is the tens digit of m?
3
Suppose 2*v + 3*v - 15 = 0. What is the units digit of v?
3
What is the units digit of ((-721)/(-14) + 1)/(1/2)?
5
Let i(m) = -2*m**3 - 7*m**2 - 5*m - 2. Let q be i(-5). Let p = q - 69. What is the tens digit of p?
2
Suppose 8*g - 5*g - 117 = 0. Suppose 2*r - 60 = -2*l, -5*l = 2*r - 4*r + g. What is the units digit of r?
7
Let m(j) = -j**3 + 5*j**2 + 3*j - 3. Let y = -13 - -18. What is the units digit of m(y)?
2
What is the tens digit of (-4)/(-6) - 605/(-15)?
4
Suppose 0 = -2*d + 155 + 3. What is the units digit of d?
9
Let m = 67 - 19. Let i = -30 + m. What is the tens digit of i?
1
Let q(b) = -b**2 - 8*b + 6. Suppose -34 = 5*h + 1. Let j = -14 - h. What is the units digit of q(j)?
3
Suppose -3*y + 0*y - 2*r - 25 = 0, 56 = -4*y + 3*r. Let x = y + 18. What is the units digit of x?
7
Let v(s) = 2*s**3 - 4*s**2 - s - 4. What is the units digit of v(4)?
6
Let c = 58 - 35. Suppose 4*j = -c + 7. Let w(l) = -l**3 - 5*l**2 - 6*l - 2. What is the units digit of w(j)?
6
Let i = 2 - 2. Suppose -b + i*b = -12. What is the tens digit of b?
1
Suppose q + 7 = -m, -5*m + m + 14 = -3*q. Let t = -1 - q. What is the units digit of t?
5
Suppose -a + 48 = -82. What is the tens digit of a?
3
Let c = -2 + 7. Let n = c - 0. Suppose -n = -5*x - 0*x. What is the units digit of x?
1
Let g be (-11 - -5)*1/2. Let l = -1 - g. Suppose 0 = -4*i + l*i + 10. What is the units digit of i?
5
Let f be ((-1)/(-1) - 4) + 5. Suppose 1 = 3*u - 4*w, 4*u + w - 10 = f*w. What is the units digit of u?
3
What is the units digit of 1 + 3 + -7 + 57?
4
Let v(z) = -4*z - 14. What is the units digit of v(-8)?
8
Let l(x) = -x**3 + 16*x**2 - x + 18. Let t be l(16). Suppose -t*i = -i - 4*f - 48, i - 5*f = 50. What is the tens digit of i?
4
Suppose -3*s = -2*s - 2. What is the tens digit of (s*1)/((-4)/(-78))?
3
Let i = -1 + 6. Suppose -2 = -i*b + 13. What is the units digit of b?
3
Suppose -2*n - h - 11 = n, 3 = 3*h. Let a(l) = 2*l**2 + 2*l - 2. What is the tens digit of a(n)?
2
Let w be 14/(-2)*(2 - 3). What is the units digit of 159/w - (-4)/14?
3
Let d = -487 - -735. What is the units digit of d?
8
Suppose -4*q = s - 124 - 47, -3*q + 125 = 4*s. What is the units digit of q?
3
Suppose x - 3*m + 13 = -0*x, -3*m = x - 17. Suppose -42 = -x*v - 14. What is the tens digit of v?
1
Let c(k) = 5*k**2 - 2*k + 343. What is the hundreds digit of c(0)?
3
Suppose 4*b - 15 = 13. Let a = b - -3. What is the units digit of a?
0
Let j = -1 - 0. What is the tens digit of (-162)/(-15) - j/5?
1
What is the units digit of (-1)/2 - 138/(-4)?
4
Let j = -14 - -16. Suppose 7*f + o = j*f + 25, 3*o + 25 = 5*f. What is the units digit of f?
5
Suppose -7*a + 3*a + i + 13 = 0, 2*a = i + 5. Suppose a*w - w - 3 = 0. What is the units digit of w?
1
Let u(g) = -4*g. Let s be u(-1). Suppose -36 = s*h - 5*h. What is the tens digit of h?
3
Let g(a) = -2*a + 8 - 3*a - 2*a + 0*a + a**2. Let o be g(6). Suppose 0 = -i + 1 + o. What is the units digit of i?
3
Let q = -1 - -2. Let w = 8 - 7. Let n = q + w. What is the units digit of n?
2
Let i be (14/(-10))/((-5)/25). Let j(n) = n**2 - 3*n + 5. What is the tens digit of j(i)?
3
Let i = 115 - 41. What is the units digit of i?
4
Let o(r) = -r - 9. Let u be o(-12). Suppose u*a - 47 = t, 79 = 5*a + 2*t - 3*t. What is the units digit of a?
6
Suppose -2*d - 25 - 37 = -3*s, 4*s + 5*d = 98. What is the units digit of s?
2
Suppose -239 = -5*o + 1. What is the units digit of o?
8
Suppose 0 = -i - 9*i + 4130. What is the hundreds digit of i?
4
Let s(z) = -z**3 + 2*z**2 + 70. Let l be s(0). Suppose q + 4*m = 19, 0 = 4*q + 2*m - 62 - l. What is the tens digit of q?
3
Let o(u) = 12*u**2 - 3*u - 1. Let z(s) = -s**2 + s. Let c(r) = -o(r) - 3*z(r). Let f be c(1). Let d = 12 + f. What is the units digit of d?
4
Let a = 232 + -150. Suppose -5*p + 88 = -a. What is the tens digit of p?
3
Let i be 16 - (-1 - 3/(-3)). Suppose -2*w + 20 + i = 0. Suppose -2 = -4*t + w. What is the units digit of t?
5
Let p(t) = 4*t. Let a be p(-3). Let x = -6 - a. What is the units digit of x?
6
Let z be -6*(2 - (-20)/(-8)). Suppose -3*f - 5*x = -39, -1 - z = f - 4*x. What is the units digit of f?
8
Let a(y) = 12 + 0*y + 0 + y. Let o(l) = -2*l**3 + l**2 + 4*l - 3. Let d be o(2). What is the units digit of a(d)?
5
What is the tens digit of 40 + 0/(-1) + -4?
3
Let c(t) = -t**3 + 10*t**2 + 10*t - 13. Let i be c(10). Let g = -60 + i. What is the units digit of g?
7
Let d(w) = w**3 - 3*w**2 + 3*w. Let o be d(3). Let t be (20/(-2))/(2/o). What is the units digit of (t/(-10))/((-1)/(-2))?
9
Suppose 8*a + 56 = 10*a. What is the units digit of a?
8
Let r(i) = i**3 - 10*i**2 - 9*i + 18. What is the units digit of r(11)?
0
Let r(v) = 6*v - 19. What is the tens digit of